19*m**2 - 20007*m - 38. Determine p(11).
-16
Let c(q) = -826*q - 77692. Determine c(-93).
-874
Let o(g) = -2*g**3 - 13*g**2 - 60*g - 337. Determine o(-8).
335
Let k(q) = -q**2 + 44969*q - 764182. What is k(17)?
2
Let r(l) = -5041*l - 106210. Give r(-21).
-349
Let v(q) = 1358*q - 8140. What is v(6)?
8
Let k(z) = z**3 + 4*z**2 - 71*z - 83. What is k(-6)?
271
Let n(l) = -l**3 + 84*l**2 + 945*l - 338. Give n(94).
132
Let z(l) = 625*l + 4455. Calculate z(-5).
1330
Let t(m) = m**3 - 20*m**2 + 497*m - 6371. Give t(15).
-41
Let x(f) = f**2 + 157*f - 20369. Calculate x(86).
529
Let y(g) = 1101628*g - 7711390. Give y(7).
6
Let f(c) = 59*c**3 + 2837*c**2 + 263*c + 1100. Give f(-48).
-4
Let h(s) = -150*s + 8170. Give h(49).
820
Let b(m) = -868*m**2 + 3526*m - 22. Determine b(4).
194
Let d(f) = 225*f + 21917. Give d(-98).
-133
Let z(m) = 3539*m - 127341. Determine z(36).
63
Let a(n) = -1006240*n + 2012474. What is a(2)?
-6
Let c(m) = 2432*m + 46193. What is c(-19)?
-15
Let b(t) = 4040*t + 8324. What is b(-2)?
244
Let z(l) = -l**3 + 45*l**2 - 191*l + 1089. Give z(41).
-18
Let z(k) = -k**2 - 1438*k - 11430. Determine z(-8).
10
Let s(l) = -30*l**2 - 1568*l + 40615. Determine s(19).
-7
Let v(r) = 8799*r - 132066. Give v(15).
-81
Let w(x) = 178*x - 3779. Calculate w(14).
-1287
Let v(x) = -7348*x - 3380067. What is v(-460)?
13
Let n(k) = -k**2 + 417*k - 3669. Give n(9).
3
Let u(r) = 385*r**2 - 14790*r + 6079. What is u(38)?
-1
Let z(b) = -220599*b + 220613. Determine z(1).
14
Let z(p) = 4*p**3 - 30*p**2 - 141*p - 49. Calculate z(11).
94
Let c(f) = 1720*f + 264895. What is c(-154)?
15
Let t(n) = -n**3 + 5*n**2 + 178*n - 1044. What is t(6)?
-12
Let i(p) = -58*p**2 - 1367*p + 20547. Give i(-34).
-23
Let f(y) = -788*y + 7099. Give f(9).
7
Let k(w) = -31*w - 250. Determine k(-3).
-157
Let m(r) = 26671*r + 133346. Determine m(-5).
-9
Let a(m) = -5700*m - 28454. Calculate a(-5).
46
Let z(w) = -15076*w + 151332. Give z(10).
572
Let w(z) = -372*z - 92284. Determine w(-248).
-28
Let f(m) = 2*m**2 + 138*m + 553. Calculate f(-69).
553
Let m(p) = -22118*p + 331810. What is m(15)?
40
Let b(m) = m**3 + 39*m**2 + 61*m + 2387. Determine b(-39).
8
Let q(w) = 3*w**2 - 401*w + 1942. Determine q(5).
12
Let g(b) = 77981*b + 2261466. What is g(-29)?
17
Let z(v) = 4*v**3 + 531*v**2 - 666*v + 446. What is z(-134)?
-90
Let a(c) = 22*c**2 - 427*c + 970. What is a(17)?
69
Let a(z) = -2*z**2 + 211*z + 15886. What is a(-51)?
-77
Let i(x) = 24*x**3 + 3770*x**2 + 315*x + 130. Determine i(-157).
-27
Let f(m) = m**3 + 31*m**2 - 15*m - 71. Give f(-32).
-615
Let u(z) = -z**3 - 979*z**2 + 5911*z + 11. What is u(6)?
17
Let j(m) = -1552*m + 126144. Give j(81).
432
Let a(t) = -146*t**2 + 38981*t + 254. Give a(267).
-13
Let c(m) = 14*m**2 + 546*m - 224. Give c(-44).
2856
Let j(w) = 3391*w**2 + 13515*w - 221. Give j(-4).
-25
Let t(i) = -i**3 + 297*i**2 - 3423*i + 822. Calculate t(285).
-33
Let k(h) = -912*h + 116856. What is k(128)?
120
Let k(x) = -20*x**3 - 118*x**2 + 102*x - 353. Give k(-7).
11
Let l(w) = -15862*w + 3886191. What is l(245)?
1
Let j(z) = -25*z - 3284. What is j(-175)?
1091
Let c(u) = -u**2 + 663*u - 6455. What is c(10)?
75
Let s(p) = 16*p + 82. Determine s(-40).
-558
Let d(y) = y**3 - 488*y**2 - 1467*y - 2947. Determine d(491).
-1
Let h(v) = -18*v**3 + 371*v**2 + 147*v - 10. Determine h(21).
-10
Let d(c) = -34*c**2 - 22669*c + 28870. Calculate d(-668).
146
Let q(f) = f**3 + 2*f**2 + 378*f + 1539. Calculate q(-4).
-5
Let d(z) = 10783*z - 6415920. Give d(595).
-35
Let o(j) = 3*j**3 + 11*j**2 - 2231*j - 8916. Calculate o(-4).
-8
Let g(o) = -42*o**2 - 379*o - 1073. What is g(-4)?
-229
Let f(w) = 98*w**3 + 50*w**2 + 40*w + 42. Give f(-1).
-46
Let i(b) = b**3 - 34*b**2 + 303*b - 1311. Determine i(24).
201
Let m(p) = p**3 - 42*p**2 - 19*p - 220. Give m(43).
812
Let t(l) = l**3 + 739*l**2 + 13001*l + 16593. Give t(-721).
10
Let b(z) = -2*z**3 - 1980*z**2 + 25997*z + 1048. Determine b(13).
-5
Let o(f) = f**3 - 25*f**2 + 130*f - 8. Calculate o(9).
-134
Let h(n) = 5*n**2 - 51*n + 168. Determine h(11).
212
Let c(b) = -61558*b - 2154529. What is c(-35)?
1
Let g(d) = 5*d**3 + 205*d**2 + 32*d + 1318. Determine g(-41).
6
Let m(k) = k**2 + 78*k + 1438. Determine m(-60).
358
Let h(m) = 43943*m - 396078. Give h(9).
-591
Let r(f) = -f**3 + 41*f**2 + 338*f - 14469. What is r(40)?
651
Let p(o) = -281*o**2 + 74*o - 201. What is p(3)?
-2508
Let h(m) = 2*m**2 - 1019*m - 15725. Calculate h(-15).
10
Let b(v) = v**3 + 47*v**2 + 88*v + 4508. What is b(-47)?
372
Let k(n) = 469223*n + 5630670. Determine k(-12).
-6
Let s(u) = u**3 + 5*u**2 + 8670*u + 34661. Calculate s(-4).
-3
Let q(w) = -1475*w - 131279. Determine q(-89).
-4
Let k(w) = w**3 - 42*w**2 - 432*w - 75. Determine k(50).
-1675
Let g(v) = -1155*v + 280659. Determine g(243).
-6
Let s(j) = 773*j - 13853. Determine s(18).
61
Let c(u) = 3900*u + 23411. What is c(-6)?
11
Let p(j) = j**3 - 14*j**2 + 87*j - 1805. Give p(15).
-275
Let k(u) = 2861*u - 45901. What is k(16)?
-125
Let a(r) = 2281*r + 102972. Give a(-45).
327
Let k(i) = -510*i - 306345. Determine k(-600).
-345
Let m(s) = -547*s**2 - 45414*s - 1007. Determine m(-83).
72
Let y(i) = -2*i**3 - 37*i**2 - 88*i - 814. Determine y(-17).
-185
Let y(l) = -177*l**2 - 1261*l - 1806. Calculate y(-2).
8
Let x(f) = -f**2 - 931*f - 18411. Give x(-20).
-191
Let l(c) = -c**3 + 152*c**2 + 1473*c - 3868. Determine l(161).
-4
Let n(l) = 1048*l**2 - 20966*l + 6. What is n(20)?
-114
Let v(i) = -i**2 + 58*i - 636. Give v(37).
141
Let v(g) = 21525*g + 107630. Determine v(-5).
5
Let b(p) = -p**3 + 137*p**2 - 4539*p + 74. What is b(81)?
-169
Let i(y) = 2*y**2 + 62*y - 23. What is i(-24)?
-359
Let y(k) = 1183*k - 193864. Determine y(164).
148
Let t(p) = 236*p**3 - 5*p**2 - p + 2. Give t(-1).
-238
Let a(o) = -4827*o**2 - 4808*o + 12. Calculate a(-1).
-7
Let f(c) = -c**2 + 416*c - 8831. Calculate f(23).
208
Let i(o) = -o**2 - 197*o + 10006. Determine i(-239).
-32
Let u(y) = 19667*y + 19748. What is u(-1)?
81
Let r(t) = t**2 - 1884*t + 387523. Give r(235).
8
Let w(i) = i**3 + 5*i**2 + 74*i - 82. What is w(9)?
1718
Let n(u) = -747*u**2 + 3. Give n(-1).
-744
Let h(x) = -24*x**3 - 2183*x**2 + 91*x - 104. What is h(-91)?
-104
Let b(l) = -11850*l - 663643. What is b(-56)?
-43
Let n(g) = -54*g + 2159. Calculate n(35).
269
Let v(m) = m**3 + 34*m**2 - 235*m - 78. Calculate v(-40).
-278
Let s(y) = 2*y**3 - 28*y**2 + 26*y - 135. Give s(13).
-135
Let g(b) = -275*b - 25774. Determine g(-69).
-6799
Let u(b) = -12400*b + 335039. Calculate u(27).
239
Let p(a) = 3*a**2 - 4310*a - 25942. Calculate p(-6).
26
Let v(u) = -1639*u - 32768. Calculate v(-20).
12
Let d(u) = 10*u**2 - 1087*u - 15820. Calculate d(-13).
1
Let m(a) = 3*a**2 - 2429*a + 16972. Give m(7).
116
Let i(o) = -2*o**3 + 167*o**2 - 66*o + 12561. Determine i(84).
-39
Let w(a) = 30643*a - 30621. What is w(1)?
22
Let q(z) = -340*z**2 - 416*z + 1. Give q(-1).
77
Let n(r) = 189*r**2 + 1547*r + 3. Determine n(-9).
1389
Let t(w) = -6581*w - 2066498. Calculate t(-314).
-64
Let c(w) = -w**3 + 143*w**2 - 284*w + 547. Calculate c(141).
265
Let n(i) = 5884*i - 100393. Give n(17).
-365
Let g(q) = 5*q**3 + 4*q**2 - 36*q + 2. Calculate g(-4).
-110
Let i(u) = 28*u - 5710. Calculate i(221).
478
Let g(z) = 221*z - 15571. Give g(75).
1004
Let u(h) = h**3 + 7*h**2 + 15*h + 285. What is u(-9)?
-12
Let o(d) = d**2 - 63*d - 60. Give o(68).
280
Let d(u) = u**2 + 1811*u + 167890. Give d(-98).
16
Let r(b) = 5606*b**2 + 39248*b + 26. Give r(-7).
-16
Let j(t) = t**2 - 31*t - 4453. Give j(83).
-137
Let i(d) = 4*d**3 + 1330*d**2 + 656*d - 2659. Give i(-332).
-3
Let v(l) = l**2 - 161*l - 2215. Calculate v(156).
-2995
Let i(y) = -y**3 - 321*y**2 - 3041*y + 21494. Give i(-311).
35
Let r(l) = -89*l**2 - 1530*l + 206. Determine r(-17).
495
Let g(c) = -c**3 - 868*c**2 - 2580*c + 59. Give g(-3).
14
Let t(g) = 1867*g + 5661. What is t(-3)?
60
Let k(n) = -32*n**2 + 517*n - 1530. Determine k(3).
-267
Let p(a) = -175*a + 1738. What is p(20)?
-1762
Let v(w) = 113612*w + 11133979. Give v(-98).
3
Let w(p) = -6*p**3 + 4948*p**2 - 3263*p - 27201. Determine w(824).
-9
Let o(n) = 3*n**3 - 354*n**2 + 349*n + 253. Calculate o(117).
19
Let o(f) = -157*f - 36863. What is o(-234)?
-125
Let r(c) = c**2 - 274*c - 23992. Determine r(344).
